 are the prime factors of 6170?
2, 5, 617
What are the prime factors of 5557?
5557
What are the prime factors of 65783?
157, 419
What are the prime factors of 33486?
2, 3, 5581
List the prime factors of 31598.
2, 7, 37, 61
What are the prime factors of 845?
5, 13
List the prime factors of 87640.
2, 5, 7, 313
List the prime factors of 25572.
2, 3, 2131
List the prime factors of 2243.
2243
List the prime factors of 1435.
5, 7, 41
What are the prime factors of 1313?
13, 101
What are the prime factors of 23005?
5, 43, 107
List the prime factors of 44.
2, 11
List the prime factors of 14012.
2, 31, 113
What are the prime factors of 45229?
31, 1459
List the prime factors of 6804.
2, 3, 7
List the prime factors of 887.
887
List the prime factors of 18359.
11, 1669
List the prime factors of 162.
2, 3
What are the prime factors of 5288?
2, 661
List the prime factors of 26177.
26177
What are the prime factors of 3913?
7, 13, 43
What are the prime factors of 5499?
3, 13, 47
List the prime factors of 17518.
2, 19, 461
What are the prime factors of 2136?
2, 3, 89
List the prime factors of 4088.
2, 7, 73
List the prime factors of 1071.
3, 7, 17
List the prime factors of 458.
2, 229
What are the prime factors of 2115?
3, 5, 47
List the prime factors of 1536.
2, 3
What are the prime factors of 47766?
2, 3, 19, 419
What are the prime factors of 2179?
2179
What are the prime factors of 268?
2, 67
List the prime factors of 116062.
2, 58031
What are the prime factors of 536?
2, 67
List the prime factors of 15187.
15187
What are the prime factors of 6155?
5, 1231
List the prime factors of 2255.
5, 11, 41
What are the prime factors of 516?
2, 3, 43
List the prime factors of 826.
2, 7, 59
List the prime factors of 7061.
23, 307
What are the prime factors of 16416?
2, 3, 19
What are the prime factors of 9368?
2, 1171
List the prime factors of 8925.
3, 5, 7, 17
List the prime factors of 61989.
3, 20663
List the prime factors of 2127.
3, 709
List the prime factors of 16507.
17, 971
What are the prime factors of 17617?
79, 223
What are the prime factors of 1530?
2, 3, 5, 17
List the prime factors of 1394.
2, 17, 41
What are the prime factors of 4487?
7, 641
What are the prime factors of 8349?
3, 11, 23
What are the prime factors of 1204?
2, 7, 43
List the prime factors of 1226.
2, 613
List the prime factors of 1273.
19, 67
List the prime factors of 18230.
2, 5, 1823
List the prime factors of 3595.
5, 719
List the prime factors of 910.
2, 5, 7, 13
List the prime factors of 249.
3, 83
List the prime factors of 176224.
2, 5507
List the prime factors of 9440.
2, 5, 59
List the prime factors of 40782.
2, 3, 7, 971
List the prime factors of 5613.
3, 1871
List the prime factors of 124963.
19, 6577
List the prime factors of 82058.
2, 89, 461
What are the prime factors of 207?
3, 23
What are the prime factors of 86?
2, 43
List the prime factors of 43426.
2, 21713
List the prime factors of 43258.
2, 43, 503
What are the prime factors of 1019?
1019
What are the prime factors of 3218?
2, 1609
What are the prime factors of 7114?
2, 3557
What are the prime factors of 31270?
2, 5, 53, 59
List the prime factors of 1528.
2, 191
List the prime factors of 12182.
2, 6091
What are the prime factors of 14228?
2, 3557
List the prime factors of 7115.
5, 1423
List the prime factors of 7280.
2, 5, 7, 13
List the prime factors of 7736.
2, 967
List the prime factors of 2677.
2677
What are the prime factors of 10228?
2, 2557
What are the prime factors of 104840?
2, 5, 2621
List the prime factors of 16280.
2, 5, 11, 37
What are the prime factors of 3253?
3253
What are the prime factors of 26080?
2, 5, 163
What are the prime factors of 744?
2, 3, 31
What are the prime factors of 47792?
2, 29, 103
List the prime factors of 9228.
2, 3, 769
List the prime factors of 171.
3, 19
List the prime factors of 20397.
3, 13, 523
What are the prime factors of 835?
5, 167
List the prime factors of 38642.
2, 139
What are the prime factors of 9600?
2, 3, 5
List the prime factors of 1171.
1171
What are the prime factors of 499?
499
What are the prime factors of 1130?
2, 5, 113
List the prime factors of 1205.
5, 241
List the prime factors of 8525.
5, 11, 31
List the prime factors of 69671.
7, 37, 269
List the prime factors of 1559.
1559
What are the prime factors of 866?
2, 433
What are the prime factors of 8675?
5, 347
List the prime factors of 3897.
3, 433
List the prime factors of 4659.
3, 1553
What are the prime factors of 50120?
2, 5, 7, 179
What are the prime factors of 12337?
13, 73
What are the prime factors of 367?
367
What are the prime factors of 88505?
5, 31, 571
List the prime factors of 716.
2, 179
What are the prime factors of 34555?
5, 6911
What are the prime factors of 7824?
2, 3, 163
What are the prime factors of 3040?
2, 5, 19
What are the prime factors of 17800?
2, 5, 89
List the prime factors of 2359.
7, 337
List the prime factors of 141181.
141181
List the prime factors of 708.
2, 3, 59
List the prime factors of 19336.
2, 2417
What are the prime factors of 2668?
2, 23, 29
What are the prime factors of 475?
5, 19
What are the prime factors of 2204?
2, 19, 29
What are the prime factors of 1167?
3, 389
List the prime factors of 11701.
11701
What are the prime factors of 2817?
3, 313
List the prime factors of 3623.
3623
What are the prime factors of 42917?
7, 6131
List the prime factors of 3011.
3011
What are the prime factors of 4597?
4597
What are the prime factors of 47475?
3, 5, 211
What are the prime factors of 1682?
2, 29
List the prime factors of 103038.
2, 3, 13, 1321
List the prime factors of 5617.
41, 137
List the prime factors of 2792.
2, 349
List the prime factors of 3104.
2, 97
List the prime factors of 35114.
2, 97, 181
What are the prime factors of 7590?
2, 3, 5, 11, 23
What are the prime factors of 75163?
11, 6833
List the prime factors of 289.
17
List the prime factors of 2399.
2399
What are the prime factors of 2174?
2, 1087
What are the prime factors of 19632?
2, 3, 409
What are the prime factors of 1181?
1181
What are the prime factors of 6422?
2, 13, 19
List the prime factors of 114.
2, 3, 19
What are the prime factors of 61762?
2, 30881
What are the prime factors of 29788?
2, 11, 677
List the prime factors of 127015.
5, 7, 19, 191
List the prime factors of 9438.
2, 3, 11, 13
What are the prime factors of 59652?
2, 3, 1657
What are the prime factors of 596?
2, 149
What are the prime factors of 33618?
2, 3, 13, 431
What are the prime factors of 20938?
2, 19, 29
List the prime factors of 9089.
61, 149
What are the prime factors of 5041?
71
What are the prime factors of 433?
433
List the prime factors of 1535.
5, 307
List the prime factors of 35429.
71, 499
What are the prime factors of 339?
3, 113
What are the prime factors of 1048?
2, 131
What are the prime factors of 142801?
61, 2341
What are the prime factors of 1916?
2, 479
What are the prime factors of 133916?
2, 33479
What are the prime factors of 571?
571
List the prime factors of 5153.
5153
List the prime factors of 73059.
3, 7, 71
List the prime factors of 1664.
2, 13
What are the prime factors of 69329?
13, 5333
What are the prime factors of 1259?
1259
List the prime factors of 3783.
3, 13, 97
List the prime factors of 60682.
2, 30341
List the prime factors of 674.
2, 337
List the prime factors of 7374.
2, 3, 1229
List the prime factors of 9265.
5, 17, 109
List the prime factors of 41270.
2, 5, 4127
List the prime factors of 377.
13, 29
What are the prime factors of 53357?
229, 233
List the prime factors of 57728.
2, 11, 41
What are the prime factors of 3058?
2, 11, 139
List the prime factors of 6162.
2, 3, 13, 79
What are the prime factors of 11157?
3, 3719
List the prime factors of 3870.
2, 3, 5, 43
List the prime factors of 2463.
3, 821
List the prime factors of 35604.
2, 3, 23, 43
List the prime factors of 6295.
5, 1259
List the prime factors of 42821.
42821
What are the prime factors of 4520?
2, 5, 113
What are the prime factors of 877?
877
What are the prime factors of 83882?
2, 41941
What are the prime factors of 6856?
2, 857
List the prime factors of 2313.
3, 257
List the prime factors of 2011.
2011
What are the prime factors of 3995?
5, 17, 47
What are the prime factors of 2163?
3, 7, 103
List the prime facto